alculate the highest common divisor of 105 and p.
35
Suppose 7 = 2*t + 1. Suppose -4*i - m + 20 = t*m, 0 = 5*m - 10. Suppose -8 = -4*g - 4*r, -i - 2 = -5*r. What is the highest common factor of 3 and g?
1
Let w(a) = -61*a**3 + 3*a + 2. Let x be w(-1). Suppose 2*q = -2*q - 64. Let s be 3*3/((-6)/q). What is the highest common divisor of s and x?
12
Let s(c) = -c**2 + 12*c - 10. Let r be s(9). Suppose -4*n = -5*n + r. Calculate the greatest common factor of n and 51.
17
Let y = -16 + 4. Let u be (-345)/(-7) - y/(-42). Calculate the highest common factor of 7 and u.
7
Let c be (-88)/(-3)*(12 + -9). Calculate the highest common factor of 8 and c.
8
Let k be 1/((-1)/15) + 0. Let u = -7 - k. Let x be 2/(-8) + 82/u. Calculate the greatest common factor of x and 110.
10
Suppose 0 = -v - 4*s - 59 + 191, -5*s = 4*v - 473. What is the highest common divisor of v and 16?
16
Suppose 9*k - 2 = 7*k. Let w be 1 + (k - -1) + 18. What is the greatest common factor of w and 14?
7
Suppose 4*x - 12 = 0, 2*a - 94 = -2*a - 2*x. Calculate the highest common divisor of 44 and a.
22
Let q = -146 - -224. Suppose 0 = -h + 3*n + 32, -3*n + q + 10 = 5*h. Calculate the greatest common factor of h and 4.
4
Let s = -6 - -14. Let v be s/3*(-30)/(-20). Calculate the highest common factor of 16 and v.
4
Suppose -n = -2*n - 4. Let z(s) = s**2 + 2*s - 7. Let l be z(n). What is the highest common factor of 10 and l?
1
Suppose 5*q + 28 = 9*q. Calculate the greatest common divisor of q and 7.
7
Let w(d) = -90*d - 4. Let c be w(-2). What is the highest common divisor of c and 16?
16
Suppose -2*f + 5*f = 2*k + 11, 0 = 4*f + 3*k - 9. Suppose 0 = -5*l + f*l + 18. Calculate the highest common factor of 3 and l.
3
Let f(h) = -2*h**2 + 13*h - 17. Let q be f(4). Calculate the highest common divisor of 2 and q.
1
Let n be 2/(-1 + (-15)/(-9)). Suppose -243 = n*i + 2*m + 217, -4*m = i + 150. Let r = -42 - i. What is the highest common divisor of r and 16?
16
Let c = -3 + 1. Let s = 4 - c. What is the greatest common divisor of 18 and s?
6
Suppose a - 110 = q - 3*q, -2*q - 106 = -a. What is the highest common factor of a and 12?
12
Let h be (8/(-8))/((-1)/4). Suppose 0 = h*p - j - 27, 5 = -4*j - 7. What is the highest common divisor of p and 3?
3
Let u be (-12)/54 - 86/18. Let f = u - -11. What is the greatest common factor of f and 9?
3
Let v be -24*((-5)/4 - 1). What is the greatest common divisor of 135 and v?
27
Let u(f) = 6*f**2 + f + 2. Let o be u(-1). What is the greatest common factor of o and 49?
7
Suppose -4 = -4*f, -4*f + 1 + 5 = n. Let c(o) = -7*o + 2. Let l be c(-2). Suppose -2 = -n*s + l. What is the greatest common factor of 3 and s?
3
Let f(u) = u**2 - 2*u - 3. Let p be f(3). Suppose 2*b = 4 - p. Let i(m) = m**2 + 3*m - 10. Let y be i(-7). Calculate the highest common factor of b and y.
2
Let l be 4/5*(-15)/(-3). Let v be (0 - 0)/(-3) + -22. Let s = v + 38. Calculate the highest common divisor of s and l.
4
Let o(q) = -q**2 - 5*q - 4. Let m be o(-3). Suppose 5*c = 3*r - 45, 9 = 4*r - 4*c - 59. Calculate the greatest common divisor of r and m.
2
Let w = 23 - 13. Calculate the greatest common factor of w and 30.
10
Let y(w) = 5*w**3 - 2*w**2 + 2*w + 2. Let g(i) = i**2 - 2. Let r be g(-2). Let p be y(r). Let t = p - -6. What is the greatest common divisor of 4 and t?
4
Suppose 5 = 2*p - 7*p. Let n = p + 5. Suppose -5*o - 23 = -3*v + 26, n*o = -3*v + 31. What is the greatest common factor of v and 39?
13
Suppose b + 2 = 3*b. What is the greatest common divisor of 1 and b?
1
Suppose 130 = 2*z - 7*z. Let f be z/(-2) + (-1)/1. Suppose 0 = 2*w - 11 - 205. What is the greatest common divisor of f and w?
12
Let k = 197 - 139. Let a = -18 + k. What is the greatest common divisor of 16 and a?
8
Let f = -23 - -31. What is the greatest common divisor of f and 32?
8
Let r = 12 + -10. Suppose 3*i - 227 = r*d, 2*d + 378 = 5*i - d. What is the greatest common divisor of i and 15?
15
Suppose 2*o - 51 = 25. Calculate the greatest common divisor of 19 and o.
19
Let q = -6 + 8. Suppose -4*h = -2*t - q*t - 152, -186 = -5*h + 3*t. Calculate the greatest common factor of 18 and h.
18
Suppose 4*w - 16 + 68 = 2*g, -4*g + 108 = -4*w. Suppose 2*s + 0*s = -t + 19, 2*s + 11 = 5*t. Calculate the highest common divisor of s and g.
7
Let i be ((-12)/(-10))/((0 + 6)/60). Calculate the greatest common factor of i and 6.
6
Let b be 3 + -2 + (-4 - -5). Suppose 4*w - 262 = -o, 0*o = -3*o + b*w + 744. What is the highest common factor of o and 25?
25
Let b(x) = 4*x + 2. Let l be b(4). What is the greatest common factor of l and 45?
9
Let j(k) = 3*k**2 + 3*k - 12. Let v(a) = -16*a**2 - 15*a + 61. Let x(r) = 11*j(r) + 2*v(r). Let m be x(-8). What is the highest common factor of 6 and m?
6
Let j(z) = -2*z - 8 - 4*z + 3 + 1. Let m be j(-14). Calculate the greatest common divisor of 10 and m.
10
Let j be ((-2)/(-6))/(7/42). Calculate the highest common divisor of j and 3.
1
Let r(m) = 33*m**3 - 2*m**2 + 1. Let x be r(1). Calculate the highest common divisor of x and 4.
4
Let l be 0 - -3 - 1 - (-35 + 29). Suppose -3*w + 7*w + 2*x - 258 = 0, 4*w - 259 = -3*x. Calculate the greatest common divisor of l and w.
8
Suppose 5*m - 129 = -2*q - 17, 100 = 5*m + 5*q. Let j = 13 + -10. What is the greatest common divisor of m and j?
3
Let u = 24 - 4. Calculate the greatest common factor of u and 4.
4
Suppose -y - 8 = z - 2, 2*y - 23 = 5*z. Let o be y*1*(-64)/2. Suppose -s + 33 = -o. What is the highest common divisor of 26 and s?
13
Let y be 4/30*9*170/4. Calculate the greatest common factor of 17 and y.
17
Let y = -4 + 7. Suppose -11 = -d + y. Calculate the greatest common divisor of d and 21.
7
Let h be (-2 + 3)/(1/(-4)). Let p = 26 - 16. Let o be 154/p - h/(-10). What is the highest common divisor of 3 and o?
3
Let m = -52 - -2. Let f = 171 + m. Suppose -2*p + 14 = -8. What is the highest common factor of f and p?
11
Let b(i) = -2*i**2 + 2 + i**2 - 6*i - i - 1. Let o be b(-6). Suppose 3*n - a - 27 = 0, 4*n + o*a - 52 = 3*a. What is the highest common divisor of 70 and n?
10
Let t = 393 + -173. Suppose -z = -3*z + t. Suppose -5*m + 40 = -m. Calculate the greatest common factor of m and z.
10
Let k(n) = 3*n + 84. Let w be k(-15). Calculate the greatest common divisor of w and 3.
3
Let c(x) = x**2 - 9*x + 15. Let l be c(6). Let m = 12 + l. Calculate the highest common divisor of m and 9.
9
Let t be (3*8)/(10/10). What is the greatest common factor of 16 and t?
8
Suppose 0 = 5*y - 4*y - 2. Suppose 0 = -t - l + 15, 4*t - 25 = y*l + 23. Suppose 0 = -2*a + t + 1. What is the greatest common factor of a and 14?
7
Suppose -4*k + 60 = h, -5*h + 143 = -4*k - 253. Calculate the highest common factor of h and 4.
4
Let b be (-3)/(-21) - 837/(-21). Let p = b + -29. Calculate the highest common factor of p and 44.
11
Suppose 2*q = 219 - 27. Let m(d) = -81*d - 96. Let s(c) = -5*c - 6. Let h(w) = -2*m(w) + 33*s(w). Let o be h(-6). What is the highest common divisor of o and q?
12
Let s be (5*6/15)/1. Let y be s*(5/2 - 2). Let t(o) = o + 3. Let j be t(4). Calculate the greatest common divisor of y and j.
1
Let k = 24 + 1. Calculate the highest common divisor of 5 and k.
5
Let w = 18 - 12. Suppose 251*b + 54 = 257*b. Calculate the greatest common divisor of b and w.
3
Let s(z) = z**2 - 5*z + 4. Let d be s(5). Let j be (6/6)/((-2)/d). Let u be (j - -1 - 1)/(-2). What is the highest common divisor of 1 and u?
1
Let f be 7 + 2 + -1 + 0. Suppose 2*k - d - f = 0, -7*k - 8 = -3*k + 4*d. Suppose 0 = 3*i - k*i - 10. Calculate the highest common factor of 70 and i.
10
Let q be (4/2)/(-2) + 3. Let c = -46 + 81. Let i = c + -21. What is the greatest common factor of q and i?
2
Suppose 5*g + 0 = -90. Let o = g + 29. Calculate the highest common divisor of o and 77.
11
Let j = 55 + -19. What is the highest common factor of 9 and j?
9
Suppose -3*t - 2*r - 1306 = 0, t + 3*t = 5*r - 1749. Let q be t/(-18) - (-2)/(-9). Calculate the greatest common divisor of 12 and q.
12
Let r = -78 + 111. Suppose -5*a - r + 308 = 0. What is the greatest common factor of 22 and a?
11
Suppose 0 = -7*s + 2*s + 40. Calculate the highest common divisor of 56 and s.
8
Let d(n) be the third derivative of 7*n**4 + n**2. Let f be d(1). What is the greatest common factor of f and 24?
24
Su